hat is the units digit of 22/10 - g/10?
2
Let z = 3 + -2. Let p(j) = -2*j. Let t be p(z). What is the units digit of t - 4/(4/(-5))?
3
Let m = -342 - -571. What is the tens digit of m?
2
Let a be (-6)/(-5)*315/14. Let v = a - 12. What is the tens digit of v?
1
Suppose 3*u - 4*l - 525 = 0, -4*u - 4*l = -625 - 103. What is the tens digit of u?
7
Suppose 2*h = -6, 709 + 413 = 3*a + 4*h. What is the hundreds digit of a?
3
What is the units digit of 9 + 5/(5/3)?
2
Let b be (-2 - -3)/(2/(-32)). Let r = b - -27. Suppose 4*g - 21 = r. What is the units digit of g?
8
Let m(z) = -5*z + 6. What is the tens digit of m(-13)?
7
Let k(u) = -u**2 + 10*u - 6. Let t be k(8). What is the units digit of t/60 + 238/12?
0
Suppose -l - 3 = 2*o, 2*l + 4 + 0 = -2*o. Let z(p) = -2*p**2 + p. Let f be z(o). What is the units digit of (6 - 1)/(f/(-3))?
5
Let x(u) be the second derivative of -u**5/20 - u**4/3 + u**3/2 + 7*u**2/2 + 2*u. Let c be x(-5). Let z = -12 + c. What is the units digit of z?
5
Let c(z) = z. Let b be c(8). Suppose 4*l = -l + 240. Suppose 2*d - 3*g = d + b, l = 4*d + 4*g. What is the tens digit of d?
1
Suppose 2*s - 56 = -0*s. What is the units digit of s?
8
Suppose 4*u + 43 = -9. What is the units digit of (1/(-3))/(u/351)?
9
Let p(h) = -23*h - 45. What is the hundreds digit of p(-8)?
1
Let i be 1 + 7 + (-8)/4. Suppose 4*m + 2 = i. What is the units digit of m?
1
Let d(p) = p**3 + 10*p**2 + 8*p - 11. Let r be d(-9). What is the units digit of 0 - -9 - (-4)/r?
7
Let d = 4 + 1. Suppose r - 2*r - 5*s = -47, -r + d*s = 3. Suppose -3*g + 4*f + r = 0, 0*g + 2*g = 2*f + 12. What is the units digit of g?
2
Let m = 8 + -6. Suppose -2*t = m*t - 4. What is the units digit of t?
1
Suppose 3*z - 4*u - 185 = 0, 5*z = -4*u + 7*u + 312. What is the units digit of z?
3
What is the tens digit of ((-111)/(-12)*-1)/(6/(-24))?
3
Suppose -5*b + 4*b - 16 = -5*k, 2*b - 1 = -k. Suppose 2*h - 2 + 0 = 0. What is the units digit of k - (h*-2 + 1)?
4
What is the tens digit of (50/4 - 1)/(21/42)?
2
Suppose 60 = 3*n + 2*n. Let h = -8 + n. What is the units digit of h?
4
Let b(v) = 4*v**3 + 8*v**2 + 8*v + 7. Let h(n) = -7*n**3 - 16*n**2 - 16*n - 13. Let m(y) = -5*b(y) - 3*h(y). What is the units digit of m(-6)?
8
Let h = 22 + -12. Let k = 9 + -7. Let q = h - k. What is the units digit of q?
8
Let k be -3*(20/3)/(-2). What is the units digit of 6/4*k - 2?
3
Let f be (-3)/((-3)/2) + 2. Suppose f*w = -0*w - 16. What is the tens digit of (-49)/w + 1/(-4)?
1
Suppose -3*q - 17 - 10 = 0. What is the units digit of 21*(0 + (-3)/q)?
7
Suppose -t + 3*v + 26 = 0, -2*v + v = 3*t - 38. What is the tens digit of t?
1
Suppose 0 = -2*m + w - 2, 3*w + 2*w - 10 = -m. Suppose m = -p + 4*p - 3*h - 48, -4*h - 81 = -5*p. What is the units digit of p?
7
Suppose -4*c + r = 16 + 7, 2 = -2*r. Let d be c/21 + 16/7. Suppose d*z + 9 + 4 = 3*s, -2*s - 4*z - 18 = 0. What is the units digit of s?
1
Suppose z = 1, -d - 4*z = -2*d - 6. Let f be 1*(-2 + 2 + 1). What is the units digit of f + (3 - (0 + d))?
6
What is the units digit of (20/(-8))/((-2)/4)?
5
Suppose 0 = -5*f - 2*v + 18, v - 1 + 2 = 0. Let i(b) = 4*b**2 - f*b**2 - 3*b**3. What is the units digit of i(-1)?
3
Let v = -72 + 117. Let g = v - 26. What is the tens digit of g?
1
Let n(m) = -6*m - 1. Suppose -2*u + 4*o + 14 = 0, -8*u + 3*u = 5*o + 25. What is the units digit of n(u)?
5
Let v(r) = -r**3 + r**2 + r. Let k(z) = 7*z**3 - 3*z**2 - 8*z + 2. Let h(c) = k(c) + 6*v(c). What is the units digit of h(-3)?
8
Suppose 2*y - 112 = 12. What is the units digit of y?
2
Suppose 5*u - 523 = -3*h + 350, -2*h + 523 = 3*u. What is the units digit of u?
7
Let j(x) = x - 1. Let h be j(-7). What is the units digit of (-4)/h*(42 + 0)?
1
Suppose 2*n + 5*p = -79, 5*n = n + 2*p - 170. Let x = n - -74. What is the units digit of x?
2
Suppose 3 = -4*z - 5, -4*z = g - 44. What is the units digit of g?
2
What is the units digit of 2/5 - ((-1356)/10 - -1)?
5
Let t(n) = -n**3 - 4*n**2 - 6*n - 2. Let r be t(-4). Suppose 2*d = 2*p - r, 5*d = p + 6 - 17. What is the tens digit of p?
1
Let x(u) = u**2 - u - 4. Let b be x(3). Suppose g = -b*g + 75. Suppose -4*w - g = w, 3*w = 2*m - 37. What is the units digit of m?
1
Suppose -k + 2*k - 13 = 0. Let g be (1/(-2))/(3/(-6)). Suppose 0 = 2*x - g - k. What is the units digit of x?
7
Suppose 0 = 5*n - c - 1 - 4, 5*c - 29 = -2*n. Suppose -5*v + t = -31, n*v - t - 24 = -2*v. What is the units digit of v?
7
Let u(h) = -h**3 - 3*h**2 - 4*h - 4. Let a be -3 - (-3 + 1) - 2. Let o be u(a). What is the units digit of (-2 - (-3)/1) + o?
9
Let p = -65 - -104. What is the tens digit of p?
3
Suppose -99 = -0*l - 3*l. Suppose -l = 5*t - 8*t. What is the tens digit of t?
1
Suppose -7 - 2 = -5*d - 3*r, 4*d - r + 3 = 0. Let n = d - 2. Let k = 7 - n. What is the units digit of k?
9
Let h(b) = -b**3 - 7*b**2 + 6*b - 9. Let i(k) = k**2 - 8. Suppose -3*f = -g - 2*g, 5*g + 5*f = 0. Let r be i(g). What is the units digit of h(r)?
7
Let m be -1 - (-27 + (-2 - -4)). Let w = m - 10. What is the tens digit of w?
1
Let w(a) = -a - 5 + 0 - 4*a. Let o be w(-4). Suppose 5*z - o = -5. What is the units digit of z?
2
Suppose -4 = -3*h + 5. What is the tens digit of h - (3 + -15)*2?
2
Let l be 2/8 - (-34)/(-8). Let i = -2 - l. Let n(t) = 3*t - 3. What is the units digit of n(i)?
3
Suppose 11 = 2*v - 77. Let o be (-9)/(-18)*(-1 - -1). Suppose -v = -o*b - 4*b. What is the units digit of b?
1
Suppose -2*d + 0*d + 12 = 0. What is the units digit of ((-20)/15)/((-4)/d)?
2
Suppose 3*u - 126 = -5*l + 34, -5*u = 0. What is the tens digit of l?
3
Let u(t) = t**3 + 3*t**2 - 1. Let s be u(-3). Let y be 5/(-10) - 102/12. Let z = s - y. What is the units digit of z?
8
Let k(h) = 7*h**2 + h + 1. Let g be k(-1). Suppose -g*w + 3 = -6*w. Let b = w - -1. What is the units digit of b?
4
Let k(a) = a - 3. Let w be k(-8). Let h = w + 18. What is the units digit of h?
7
Let d be (1/2)/(4/784). Suppose -130 = -5*i - 5*p, -22 = 3*i + 5*p - d. What is the tens digit of i?
2
Let a be -3 + 5 - (-8 + -1). Let o = -10 + a. What is the units digit of o?
1
Suppose -3*z + 5*x + 98 = 0, -4*z + 2*x = -x - 138. What is the tens digit of z?
3
Let t(f) = -f**3 - 6*f**2 - 4*f + 4. Let p be t(-4). Let y = -3 - p. What is the units digit of y?
9
Let a be -4 - (3 - (3 - -4)). Let h(j) = -j**2 + j + 56. What is the units digit of h(a)?
6
Suppose -5*l = 10, -480 = -4*c - 0*l - 2*l. What is the tens digit of c?
2
Suppose -5*v + 10 + 20 = 0. What is the units digit of v?
6
Suppose 54 = 3*g - 2*g. Suppose -5*f = 3*v - g, -2*f + 33 = v + 4*v. What is the units digit of f?
9
Suppose 1 = -0*a + a. Let s be a/((4 - 1) + -2). Let f = 2 + s. What is the units digit of f?
3
Let f = -54 + 37. Let j = f + 38. What is the units digit of j?
1
Suppose -5*v + 8*z - 4*z + 116 = 0, -3*v + 75 = 3*z. What is the units digit of v?
4
Let n be 128/10*(5 + -10). Let l = -39 - n. What is the units digit of l?
5
What is the hundreds digit of (-3)/(1 - -2 - (-8022)/(-2660))?
1
Suppose -4*v + 3*v - 136 = 5*w, 22 = -w + 5*v. What is the units digit of (-369)/w - 1/(-3)?
4
Suppose 5*a = -3*r, 0 = r + r - a. Suppose r = 3*f + 3*s - 3, 5*f = 2*s - 6 + 18. What is the units digit of f?
2
Suppose -957 - 999 = -6*v. What is the tens digit of v?
2
Let b(c) = -3*c**3 - 3*c**2 - 2*c + 2. Let n be b(-3). Let s = n + -27. Let z = -20 + s. What is the tens digit of z?
1
Let p(z) = -27 - 25*z + 27. What is the tens digit of p(-1)?
2
Let k(q) = 0*q**3 - 4*q**2 - 5 + 4*q**3 - 3*q - 5*q**3. Let z be k(-4). Suppose 0 = 2*b - b - z. What is the units digit of b?
7
Let b(m) = 2*m**2 + 5*m - 2. Let z be b(3). Let a = 48 - z. What is the tens digit of a?
1
Suppose 5*c + 31 = 3*r, -3*r + 7*r - 3*c = 56. What is the units digit of r?
7
What is the units digit of -8*(-4)/(4 + -2)?
6
Let g(p) = 3*p**2 + p. Let b be -4 + 3 + 0/1. What is the units digit of g(b)?
2
Let h(f) = 4*f + 6. Suppose 20 = -2*r + 6*r. What is the units digit of h(r)?
6
Let s = -59 - -37. Let r = s + 32. What is the units digit of r?
0
Let a = 0 + 16. What is the tens digit of a?
1
Let f = -73 - -44. Let s = 51 + f. What is the units digit of s?
2
Suppose l = 10*l - 1161. What is the hundreds digit of l?
1
Let p be (8/16)/(2/12). Suppose -2*b - 24 = -3*i, p*i - 2*i + 5*b - 25 = 0. What is the